 k(x) = 8*x**3 + 352*x**2 - 2*x - 107. Calculate k(-44).
-19
Let w(b) = -b**3 + 26*b**2 - 115*b + 137. Determine w(3).
-1
Let g(k) = -3*k**2 + 73*k + 500. Give g(-6).
-46
Let j(u) = 3788*u + 7582. What is j(-2)?
6
Let l(y) = -y**2 - 29*y - 188. Calculate l(-19).
2
Let o(m) = -4*m**3 + 9*m**2 + 14*m - 10. Give o(3).
5
Let x(f) = 14*f**2 - 308*f - 56. What is x(22)?
-56
Let z(m) = 8*m**3 + 4*m**2 - 568*m - 571. Determine z(-1).
-7
Let o(r) = -r**3 - 41*r**2 - 149*r - 28. Calculate o(-37).
9
Let i(v) = 205*v + 1618. Give i(-8).
-22
Let k(g) = g**3 - 4*g**2 - 10*g + 28. Calculate k(5).
3
Let k(c) = -20*c + 86. Calculate k(-17).
426
Let l(s) = -s**3 + 112*s + 321. Calculate l(-3).
12
Let o(g) = -2*g**2 - 44*g - 160. Calculate o(-19).
-46
Let i(d) = -63*d + 459. Calculate i(8).
-45
Let v(g) = g**3 + 37*g**2 - 2*g - 127. Determine v(-37).
-53
Let n(c) = -c**3 - 4*c**2 + 45*c + 105. Give n(6).
15
Let i(r) = -r**3 - 10*r**2 - 71*r - 1432. Give i(-13).
-2
Let g(t) = -t**2 - 1422*t + 4273. What is g(3)?
-2
Let l(r) = -39*r**2 + 275*r - 7. What is l(7)?
7
Let s(d) = d**2 + d - 541. Give s(22).
-35
Let k(o) = 15*o**2 + 252*o + 1012. Calculate k(-4).
244
Let a(h) = -70*h - 1620. Calculate a(-23).
-10
Let v(z) = 238*z**2 + 2*z - 5. Give v(1).
235
Let i(c) = 7*c + 428. Determine i(-54).
50
Let z(i) = -i**3 - 9*i**2 - 45*i - 220. Calculate z(-7).
-3
Let u(a) = 11*a**3 - 4*a**2 + 14*a - 7. Calculate u(2).
93
Let m(o) = 4*o**3 - 86*o**2 - 35*o + 15. Give m(22).
213
Let t(y) = -108*y - 1. Give t(-2).
215
Let v(y) = 28*y + 318. What is v(-17)?
-158
Let s(k) = -2*k**3 + 27*k**2 + 44*k - 727. Give s(13).
14
Let b(h) = -2*h**2 + 323*h - 964. What is b(3)?
-13
Let f(n) = -2*n**2 + 120*n - 1795. Determine f(26).
-27
Let t(s) = 3*s**2 + 35*s + 122. Determine t(-5).
22
Let a(n) = -n**3 - 115*n**2 - 220*n + 707. Determine a(-113).
29
Let v(j) = -3*j**2 + 48*j + 14. Give v(17).
-37
Let o(u) = u**3 + 7*u**2 + 10*u + 39. What is o(-6)?
15
Let l(y) = -y**2 + 75*y + 142. Calculate l(77).
-12
Let d(s) = 61*s + 1529. Give d(-25).
4
Let h(g) = 84*g - 173. Determine h(3).
79
Let l(k) = 18*k**3 - k**2 + 6*k - 4. Determine l(1).
19
Let y(k) = 91*k - 3371. Give y(37).
-4
Let j(r) = -r**3 + 177*r**2 - 346*r - 723. Determine j(175).
-23
Let q(f) = f - 40. What is q(12)?
-28
Let s(q) = -442*q - 1. Determine s(-1).
441
Let r(m) = -m**2 - 1871*m - 9303. Give r(-5).
27
Let v(q) = -16*q - 51. Give v(-9).
93
Let f(s) = 2*s**3 + 39*s**2 + 16*s - 12. Give f(-19).
45
Let y(a) = -55*a - 3745. Determine y(-69).
50
Let v(t) = 10*t**2 - 413*t + 459. What is v(40)?
-61
Let p(l) = -l**3 - 23*l**2 + 87. What is p(-22)?
-397
Let k(y) = 6*y - 342. Calculate k(57).
0
Let b(u) = -u**2 + 9*u + 34. Give b(12).
-2
Let h(o) = 116*o + 701. What is h(-6)?
5
Let y(k) = -k**3 - 30*k**2 + 28*k - 78. Give y(-31).
15
Let k(s) = -32*s**2 - 1022*s + 87. What is k(-32)?
23
Let q(y) = -y**2 - 10*y - 23. Determine q(-3).
-2
Let x(l) = l**2 - 256*l - 8. Determine x(0).
-8
Let j(l) = 3*l**3 - 13*l**2 - 5. Determine j(5).
45
Let f(m) = -37*m - 919. Determine f(-33).
302
Let u(x) = -2*x**2 - 17*x - 14. What is u(-6)?
16
Let g(f) = 10*f**2 + 50*f + 11. What is g(-6)?
71
Let a(d) = -11*d**2 - 17. Calculate a(3).
-116
Let r(j) = -j**3 - 13*j**2 + 65*j + 921. What is r(-12)?
-3
Let v(m) = -123*m - 3269. Calculate v(-27).
52
Let v(z) = -2*z**2 - 52*z - 17. Determine v(-24).
79
Let k(o) = 79*o + 95. What is k(-3)?
-142
Let p(x) = -x**3 - 20*x**2 - 150*x - 213. Give p(-8).
219
Let x(y) = -y**2 + 10*y + 1997. Give x(51).
-94
Let q(t) = 214*t + 6412. Give q(-29).
206
Let z(k) = 2*k**3 - 81*k**2 - 44*k + 119. What is z(41)?
-4
Let c(w) = 42*w - 606. What is c(13)?
-60
Let w(y) = 126*y - 1979. Give w(15).
-89
Let b(r) = r**3 + 5*r**2 + 4*r - 10. Determine b(-6).
-70
Let m(r) = -3*r**2 - 77*r + 74. Determine m(-27).
-34
Let c(f) = -f**3 + 4*f**2 + 68*f + 11. Determine c(9).
218
Let x(m) = -m**3 - 32*m**2 - 71*m + 37. What is x(-30)?
367
Let k(o) = 12*o**2 + 48*o - 102. Determine k(2).
42
Let q(g) = g**2 - 51*g - 17. What is q(39)?
-485
Let b(g) = -14*g**3 - 30*g**2 + 2*g - 3. Calculate b(-3).
99
Let n(g) = -g**2 + 34*g + 13. What is n(33)?
46
Let x(j) = 22*j**3 + 8*j**2 - 192*j + 183. What is x(1)?
21
Let z(i) = -2*i**3 + 33*i**2 - 69*i - 4. Determine z(14).
10
Let g(b) = 119*b - 117. Calculate g(1).
2
Let j(g) = -2*g**3 - 136*g**2 - 960*g + 9. Calculate j(-60).
9
Let f(p) = 1694*p - 118580. Determine f(70).
0
Let b(n) = -77*n + 57. Calculate b(3).
-174
Let w(u) = 209*u - 3560. Give w(17).
-7
Let a(k) = 4*k**2 + 221*k + 79. Determine a(-55).
24
Let u(b) = -b**3 - 44*b**2 + 49*b + 88. What is u(-45)?
-92
Let f(u) = -114*u - 602. Give f(-6).
82
Let k(d) = -d**3 + 41*d**2 - 36*d - 175. Calculate k(40).
-15
Let c(p) = -p**2 + 44*p - 384. What is c(31)?
19
Let q(p) = 760*p + 1534. Calculate q(-2).
14
Let i(x) = 2*x + 71. What is i(6)?
83
Let l(d) = d**3 - 89*d**2 - 1099*d + 17. Determine l(-11).
6
Let q(f) = 12*f + 153. What is q(0)?
153
Let d(x) = -1784*x - 8919. Give d(-5).
1
Let b(u) = -283*u + 4181. Give b(15).
-64
Let c(h) = 6*h**3 + 7*h**2 - 28*h - 9. Determine c(3).
132
Let f(v) = 263*v - 1591. Calculate f(6).
-13
Let l(s) = -s**3 + 13*s**2 - 11*s - 48. Calculate l(12).
-36
Let n(r) = -r**2 + 676*r - 4036. Give n(6).
-16
Let a(v) = -218*v - 8935. Determine a(-41).
3
Let l(a) = -26*a**2 + 203*a + 39. Calculate l(8).
-1
Let s(k) = k**2 - 28583*k + 1. What is s(0)?
1
Let q(s) = 11*s**2 - 19*s + 42. Give q(3).
84
Let w(v) = v**3 + 59*v**2 - 175*v - 3237. Determine w(-61).
-4
Let a(i) = -3*i**2 - 2309*i - 4608. Determine a(-2).
-2
Let m(w) = -138*w + 1638. Give m(12).
-18
Let t(i) = 1213*i - 17014. Calculate t(14).
-32
Let t(f) = -274*f - 9544. Calculate t(-35).
46
Let a(x) = 28*x + 221. What is a(-8)?
-3
Let n(h) = -72*h + 794. What is n(11)?
2
Let y(z) = -3*z**2 + 62*z + 253. Determine y(-4).
-43
Let r(n) = -n**2 - 64*n + 441. Give r(8).
-135
Let z(o) = o**3 - 30*o**2 + 89*o - 962. Give z(28).
-38
Let h(k) = -k**3 + 12*k**2 + 49*k - 63. Calculate h(15).
-3
Let d(f) = -2*f**2 + 8*f + 6. What is d(11)?
-148
Let y(z) = -z**3 + 27*z**2 + 156*z + 70. Calculate y(32).
-58
Let d(c) = 7911*c + 23732. Calculate d(-3).
-1
Let g(f) = -2*f**3 + 102*f**2 - 3*f + 174. What is g(51)?
21
Let g(x) = x**3 + 29*x**2 - 175*x - 4355. Calculate g(-30).
-5
Let p(r) = r**2 + 964*r + 6690. Calculate p(-7).
-9
Let i(a) = -114*a + 4225. Give i(37).
7
Let v(z) = 4*z**3 - 30*z**2 + 93*z - 363. Determine v(6).
-21
Let y(g) = 2*g**2 + 32*g + 126. Give y(-10).
6
Let r(a) = 547*a - 24605. What is r(45)?
10
Let m(j) = 154*j - 6201. What is m(40)?
-41
Let o(l) = 57*l - 2010. What is o(40)?
270
Let o(v) = -18*v - 740. Determine o(-36).
-92
Let p(c) = -c**3 - 66*c**2 - 10*c - 627. What is p(-66)?
33
Let q(a) = 16*a + 20. Determine q(4).
84
Let t(j) = 123*j**2 - 13*j - 8. Calculate t(-1).
128
Let k(f) = -14*f**3 - 4*f**2 + 53*f + 158. Determine k(-3).
341
Let r(k) = 9*k - 106. What is r(12)?
2
Let r(k) = -852*k - 3412. Give r(-4).
-4
Let n(k) = -k**2 + 22*k + 237. Determine n(30).
-3
Let o(d) = d**3 - 13*d**2 - 15*d + 1. What is o(13)?
-194
Let o(z) = -z**2 - 9*z + 132. What is o(15)?
-228
Let x(n) = -n**2 + 32*n - 118. What is x(27)?
17
Let a(h) = -2928*h - 14645. Calculate a(-5).
-5
Let c(m) = -m**2 + 17*m - 49. What is c(15)?
-19
Let u(w) = -456*w - 2689. What is u(-6)?
47
Let k(g) = -23*g - 205. Calculate k(-19).
232
Let s(t) = 2*t**3 - 51*t**2 - 10*t + 863. Calculate s(25).
-12
Let i(c) = c**3 + 186*c**2 - 65*c + 22819. What is i(-187)?
5
Let l(d) = -d**2 - 187*d + 426. Determine l(-189).
48
Let b(f) = f**3 - 49*f**2 - 56*f + 64. What is b(50)?
-236
Let x(m) = -m**2 - 67*m - 947. What is x(-20)?
-7
Let p(r) = 6*r**3 - 2*r + 5. What is p(-2)?
-39
Let h(m) = -527*m - 48. What is h(0)?
-48
Let d(y) = 4*y**3 - 96*y**2 - 2*y + 55. Calculate d(24).
7
Let x(j) = 4*j**2 - 88*j + 297. Calculate x(18).
9
Let u(p) = -p**2 + 84*p - 847. What is u(12)?
17
Let r(l) = -l**3 - 158*l**2 + 9633*l + 92. Determine r(47).
-2
Let x(y) = 7*y + 156. What is x(-25)?
-19
Let t(y) = 26*y + 334. Calculate t(-8).
126
Let f(m) = -1272*m + 1250. What is f(1)?
-22
Let v(u) = u**2 + 19*u - 1. Give v(-13).
-79
Let s(h) = h**2 + 25*h + 174. Determine s(-14).
20
Let v(c) = 372*c + 2961. Give v(-8).
-